List the prime factors of t.
2, 11
Suppose 0 = -10*h + 8*h + 4240. What are the prime factors of 2/3 - h/(-24)?
89
Let k = 5 - -20. Let g = k - -16. What are the prime factors of g?
41
Let x = -561 - -485. Let a be (-4)/(-2) - 228/(-2). Let t = a + x. What are the prime factors of t?
2, 5
Suppose 0 = 15*b - 2247 - 1368. What are the prime factors of b?
241
Suppose -2*v + 4 = 0, 5 = -u - 0*u + 4*v. Suppose n + 3*b - 6 = -n, 2*n = u*b - 6. Suppose -z + 3 + 4 = n. What are the prime factors of z?
7
Suppose 2*a - 4*f - 4588 = 0, -38*a + f - 6917 = -41*a. What are the prime factors of a?
2, 3
Suppose -5*s - 5 = 5*v, 28 = 3*v - v - 4*s. Suppose -217 = -11*b + v*b. List the prime factors of b.
31
Let f(j) = -1 + 48 - j - 3*j + 2*j. What are the prime factors of f(20)?
7
Let u(j) = j**3 + 10*j**2 - j - 10. Suppose 5*d + 50 = -0. Let g be u(d). Suppose t = -g*t + 25. What are the prime factors of t?
5
Let d be ((-4)/1)/(-2)*1. Let q(n) = n**2 - 14*n + 18. Let r be q(13). Suppose 5*s - 69 = -d*x - 1, -r*x = s - 124. List the prime factors of x.
2, 3
Suppose 4*g = -d - 10, 15 = 2*d - 3*g + 2. Suppose d*i + 2*w + w = 226, 2*i = -5*w + 222. What are the prime factors of i?
2, 29
Let j(s) = -s**3 - 7*s**2 + 6*s - 11. Let a be j(-8). Suppose 4*q = -2*z - 22, 8*q - 44 = 4*z + 4*q. Let i = a - z. What are the prime factors of i?
2
Let b be 4*1 + 365/5. Suppose -g - 2*q - q - 24 = 0, -g - q - 34 = 0. Let a = b + g. What are the prime factors of a?
2, 19
Let l be 2/8*4 + 2. Let r(y) = -y**2 + 8*y - 3. List the prime factors of r(l).
2, 3
Let r be (-610)/15*1/((-4)/6). Let b = 154 - r. List the prime factors of b.
3, 31
Let k be (1 + (-58)/10)*(-20)/6. Let t(w) = -w**2 + 20*w + 34. What are the prime factors of t(k)?
2, 7
List the prime factors of 20/8*984/10.
2, 3, 41
Let y(n) = 313*n - 60. List the prime factors of y(4).
2, 149
Suppose 2*k + 2*z = -6, k = -4*k - 4*z - 10. Suppose 8 = k*o, -119 = -3*r + 2*o - 46. List the prime factors of r.
3
Suppose 42 = 4*p + 2*v, -v + 5*v - 36 = -2*p. Suppose -p*r = -3*r - 190. What are the prime factors of r?
2, 19
What are the prime factors of 13275/12 + (-21)/84?
2, 7, 79
Suppose -25*g = -32*g + 9716. What are the prime factors of g?
2, 347
Suppose 2*h = 0, 2*r + h = -876 + 76. List the prime factors of (12/10)/((-15)/r).
2
Suppose -v - v + 12 = 2*x, x - 30 = -5*v. Let k be (-830)/(-30) + (-1)/(-3). Let d = k - v. What are the prime factors of d?
2, 11
Let v = 8 - 4. Let s(m) = 4*m + 3*m - m - v*m + 4. List the prime factors of s(11).
2, 13
Let v(o) = o**2 + 5*o + 11. Let x be v(-2). Let b(n) = 3*n - 4 + 3 + 8 + n**2 + 2. List the prime factors of b(x).
7
Let t = 0 - 0. Suppose -c - 4*c + 530 = t. List the prime factors of c.
2, 53
Suppose -5*r + 5 = -5. Suppose 5*c - 19 = r*w - 130, -5*c + 141 = 2*w. List the prime factors of w.
3, 7
Let p(o) = -o**2 + 13*o + 18. Let s be p(14). List the prime factors of (-32)/56*(-14)/s.
2
Suppose 144 = 3*f + 3*h - 2*h, -5*h = 3*f - 132. Suppose v - f - 47 = 0. Suppose 4*g - v = -4*o, -2*g - 4*o + 116 = 3*g. List the prime factors of g.
2, 5
Let z(p) = -p**3 + 5*p**2 + 5*p + 5. Let u be z(6). List the prime factors of u - (-1 + 2 + -65).
3, 7
Suppose 2*y - 3*x + 5*x = 3098, y - 3*x - 1561 = 0. List the prime factors of y.
2, 97
Let d(p) = 2*p. Let b be d(1). Suppose 4*r = -3*n + 570, 3*n - 982 = -2*n + 4*r. Suppose -n = -3*f + b*c, -5*f + 255 = -f + c. What are the prime factors of f?
2
Suppose -2*g + 329 = -171. Suppose -4*z - g = -9*z. List the prime factors of z.
2, 5
Let p = -24 + 27. Suppose -p*v + 0 = -9. List the prime factors of (-3978)/(-72) + v/4.
2, 7
Let s(d) = 51*d - 9. Let k be s(9). Suppose -2*m - 5*b = 175, k = -5*m - b + 1. List the prime factors of 1 - 0 - m/5.
19
Let q = 1387 + -543. What are the prime factors of q?
2, 211
Let k = 3733 + -1926. What are the prime factors of k?
13, 139
Let h = -42 + 92. Suppose w - 5*g + 64 = 3*w, -w + g + 32 = 0. Let a = h - w. List the prime factors of a.
2, 3
Suppose 4*r = -4*t + 544, 2*t + 2*r = -t + 403. Let v = t - 129. List the prime factors of v.
2
Suppose 13*i - 5*i - 1064 = 0. What are the prime factors of i?
7, 19
Suppose -215*a + 211*a + 6932 = 0. List the prime factors of a.
1733
What are the prime factors of (-1203)/(-4) - ((-124)/(-16) - 7)?
2, 3, 5
Let d(l) be the second derivative of l**3/2 + 11*l**2/2 - 7*l. Let o be d(-5). List the prime factors of o/10 - (-1729)/35.
7
Let i = -4 - -6. Let z be 2/(24/84 - (-24)/14). Let c = z + i. What are the prime factors of c?
3
Let u(d) = -8*d**3 - 6*d**2 - 5*d + 3. Let w be u(-3). Let k = w + -125. Suppose 5*n + 2*r - 11 = 110, k = 2*n + 3*r. What are the prime factors of n?
23
What are the prime factors of ((-1377)/(-108))/((0 + 2)/48)?
2, 3, 17
Suppose 18*q - 12730 = -5*b + 16*q, -4*b = 5*q - 10184. List the prime factors of b.
2, 19, 67
Let b = 7 + -4. Suppose -b*d - 3 = -4*d. List the prime factors of -3*d/(-9) - -54.
5, 11
What are the prime factors of (-20)/12 + 832/6?
137
Let y be 3/18 + (-110)/12. Let u be 141/y*3/(-1). Let x = -17 + u. List the prime factors of x.
2, 3, 5
List the prime factors of 10/(6*(-5)/(-31380)*4).
5, 523
Let v(d) = -d**3 + 8*d**2 - d + 12. Let g be v(8). Suppose 3*y - y = i - 125, 456 = g*i + 3*y. What are the prime factors of i?
3, 13
Suppose 0 = 5*o + 3*u - 7, -3*o + 3 + 1 = 2*u. Let g be ((-30)/35)/(o/(-14)). Let i(y) = -y**3 + 6*y**2 + 4*y - 3. List the prime factors of i(g).
3, 7
Let k(o) = -o**3 + 2*o**2 - o - 7. Let q be k(0). Let g(f) = -19*f - 16. What are the prime factors of g(q)?
3, 13
Suppose -29733 = -38*a + 1389. List the prime factors of a.
3, 7, 13
Let f(q) be the third derivative of -q**6/20 - q**5/30 - q**4/24 - q**2. Let g = -23 - -22. What are the prime factors of f(g)?
5
Suppose v - 5 = 0, 2*z + z - 47 = -4*v. What are the prime factors of z?
3
Let a(d) = -2*d**3 - 10*d**2 - 5*d - 11. What are the prime factors of a(-5)?
2, 7
Suppose 4*o - 13 = 2*k - k, -4*k - 12 = 4*o. Suppose 0 = o*n - 5 - 13. Suppose n*d + 39 = 12*d. List the prime factors of d.
13
Let d(v) = 17*v + 2. Let n be d(-1). Let g = n + 17. List the prime factors of g.
2
Let c be 24/4*-10*2/(-8). Suppose 1810 = c*v - 5*v. What are the prime factors of v?
181
Let u(m) = -m**3 + 21*m**2 - 18*m - 46. List the prime factors of u(19).
2, 167
Suppose 83 = -4*b + 5*d, d + 76 = -5*b - 2*d. List the prime factors of (-449 - b)*(10/(-4) - -2).
2, 3
Let n(u) = 43*u + 1. Let s be n(7). Let c = s + -191. Let f = c + -54. List the prime factors of f.
3, 19
Let m = 746 - 227. What are the prime factors of m?
3, 173
Let o = 46 - 48. List the prime factors of o*181/(-2)*1.
181
Suppose -60 = b - 5*b - 5*p, p = 3*b - 64. Let y = 25 - b. Suppose -y*f = -118 - 207. What are the prime factors of f?
5, 13
Let d be 3 + (-1)/2*2. Let c = 110 + -110. Suppose c*x = 4*r + 2*x - 266, 131 = d*r + 3*x. What are the prime factors of r?
67
Let g be 6*(3*1/2 - 3). List the prime factors of (g + 6)*20/(-3).
2, 5
Let c(b) = -b. Let q be c(-9). Let f = q - 5. Suppose 2*t + 0*t = f. List the prime factors of t.
2
Suppose -5*n - 56 = -4*j, j - 2*n - 13 = 1. Let u = j - 9. Suppose u*b + 9 - 139 = 0. List the prime factors of b.
2, 13
Let v = -478 + 2792. List the prime factors of v.
2, 13, 89
Suppose 2*r + 15 = -x, -2*r = -2*x - 0*x. Let z = x - -7. Suppose z*k - 11 + 3 = 0. What are the prime factors of k?
2
Suppose 2*j = 3*o + 142, -o - 138 = -2*j + 3*o. Let t = j - 38. What are the prime factors of t?
3, 13
Let o be (232/(-145))/(4/(-10)). Suppose 2*j + 2*w + 3*w - 569 = 0, 3*w = -o*j + 1103. List the prime factors of j.
2, 17
Let u(s) = -8*s**2 - s + 13. Let b be u(-5). Let l be 28/b - (-2890)/26. Let f = l + -77. List the prime factors of f.
2, 17
Suppose 2*l - 12 = -2*l. Suppose l*y = -2*p + 95 + 54, 0 = 4*y - p - 206. List the prime factors of y.
3, 17
Let m(l) = 3*l - 21. Suppose 0 = o + a - 2, -2*a - 9 = 1. Let x be m(o). Suppose x = -j - 5*j + 372. List the prime factors of j.
2, 31
Suppose 0 = -3*k + 2*c + 568, -c - 3*c = k - 194. Suppose r + 88 = 2*l, -2*l - 5*r + k = 2*l. What are the prime factors of l?
3, 5
Let v(c) be the first derivative of c**3/3 - c**2/2 - 2. Let u be v(-2). Suppose 2*s - u - 4 = -h, 2*s + 5*h = -6. List the prime factors of s.
7
Suppose 2761*v - 2773*v + 23652